{"id":400,"date":"2024-02-20T19:03:57","date_gmt":"2024-02-20T18:03:57","guid":{"rendered":"https:\/\/pablogarrigos.com\/index.php\/product\/polvorones-de-almendra-delicatessen-200-g\/"},"modified":"2026-01-07T13:00:37","modified_gmt":"2026-01-07T12:00:37","slug":"polvorones-de-almendra-delicatessen-200-g","status":"publish","type":"product","link":"https:\/\/pablogarrigos.com\/it\/pasteleria\/pasteleria-delicatessen\/polvorones-de-almendra-delicatessen-200-g\/","title":{"rendered":"Polvorones alle mandorle Delicatessen 200g"},"content":{"rendered":"<p><strong>Mandorla<\/strong> Marcona selezionata e tostata 38%, farina di <strong>grano<\/strong>zucchero, strutto, cannella e scorza di limone. <strong>Contiene cereali contenenti glutine. Pu\u00f2 contenere tracce di uova, soia e latte.<\/strong><\/p>\n<p><strong>Conservar en un lugar fresco y seco. 18\u00ba-22\u00baC.<\/strong><\/p>","protected":false},"excerpt":{"rendered":"<p>Dolce tradizionale che trae il suo sapore da un'accurata selezione di mandorle Marcona, condite con un tocco morbido di cannella e limone.<\/p>","protected":false},"featured_media":401,"template":"","meta":{"_acf_changed":false,"inline_featured_image":false},"product_brand":[],"product_cat":[16,23],"product_tag":[],"class_list":{"0":"post-400","1":"product","2":"type-product","3":"status-publish","4":"has-post-thumbnail","6":"product_cat-pasteleria","7":"product_cat-pasteleria-delicatessen","9":"first","10":"outofstock","11":"taxable","12":"shipping-taxable","13":"purchasable","14":"product-type-simple"},"acf":[],"yoast_head":"<!-- This site is optimized with the Yoast SEO plugin v27.4 - https:\/\/yoast.com\/product\/yoast-seo-wordpress\/ -->\n<title>Polvorones de Almendra Delicatessen | Pablo Garrig\u00f3s Ib\u00e1\u00f1ez<\/title>\n<meta name=\"description\" content=\"Sum\u00e9rgete en la tradici\u00f3n con los Polvorones de Almendra Delicatessen, un dulce tradicional con almendra Marcona, canela y lim\u00f3n. Perfectos para cualquier momento.\" \/>\n<meta name=\"robots\" content=\"index, follow, max-snippet:-1, max-image-preview:large, max-video-preview:-1\" \/>\n<link rel=\"canonical\" href=\"https:\/\/pablogarrigos.com\/it\/pasteleria\/pasteleria-delicatessen\/polvorones-de-almendra-delicatessen-200-g\/\" \/>\n<meta property=\"og:locale\" content=\"it_IT\" \/>\n<meta property=\"og:type\" content=\"article\" \/>\n<meta property=\"og:title\" content=\"Polvorones de Almendra Delicatessen | Pablo Garrig\u00f3s Ib\u00e1\u00f1ez\" \/>\n<meta property=\"og:description\" content=\"Sum\u00e9rgete en la tradici\u00f3n con los Polvorones de Almendra Delicatessen, un dulce tradicional con almendra Marcona, canela y lim\u00f3n. Perfectos para cualquier momento.\" \/>\n<meta property=\"og:url\" content=\"https:\/\/pablogarrigos.com\/it\/pasteleria\/pasteleria-delicatessen\/polvorones-de-almendra-delicatessen-200-g\/\" \/>\n<meta property=\"og:site_name\" content=\"Pablo Garrig\u00f3s Iba\u00f1ez\" \/>\n<meta property=\"article:modified_time\" content=\"2026-01-07T12:00:37+00:00\" \/>\n<meta property=\"og:image\" content=\"https:\/\/pablogarrigos.com\/wp-content\/uploads\/2024\/02\/polvorones-de-almendra-delicatessen-200-g.jpg\" \/>\n\t<meta property=\"og:image:width\" content=\"600\" \/>\n\t<meta property=\"og:image:height\" content=\"600\" \/>\n\t<meta property=\"og:image:type\" content=\"image\/jpeg\" \/>\n<meta name=\"twitter:card\" content=\"summary_large_image\" \/>\n<meta name=\"twitter:label1\" content=\"Tempo di lettura stimato\" \/>\n\t<meta name=\"twitter:data1\" content=\"1 minuto\" \/>\n<script type=\"application\/ld+json\" class=\"yoast-schema-graph\">{\"@context\":\"https:\\\/\\\/schema.org\",\"@graph\":[{\"@type\":\"WebPage\",\"@id\":\"https:\\\/\\\/pablogarrigos.com\\\/pasteleria\\\/pasteleria-delicatessen\\\/polvorones-de-almendra-delicatessen-200-g\\\/\",\"url\":\"https:\\\/\\\/pablogarrigos.com\\\/pasteleria\\\/pasteleria-delicatessen\\\/polvorones-de-almendra-delicatessen-200-g\\\/\",\"name\":\"Polvorones de Almendra Delicatessen | Pablo Garrig\u00f3s Ib\u00e1\u00f1ez\",\"isPartOf\":{\"@id\":\"https:\\\/\\\/pablogarrigos.com\\\/#website\"},\"primaryImageOfPage\":{\"@id\":\"https:\\\/\\\/pablogarrigos.com\\\/pasteleria\\\/pasteleria-delicatessen\\\/polvorones-de-almendra-delicatessen-200-g\\\/#primaryimage\"},\"image\":{\"@id\":\"https:\\\/\\\/pablogarrigos.com\\\/pasteleria\\\/pasteleria-delicatessen\\\/polvorones-de-almendra-delicatessen-200-g\\\/#primaryimage\"},\"thumbnailUrl\":\"https:\\\/\\\/pablogarrigos.com\\\/wp-content\\\/uploads\\\/2024\\\/02\\\/polvorones-de-almendra-delicatessen-200-g.jpg\",\"datePublished\":\"2024-02-20T18:03:57+00:00\",\"dateModified\":\"2026-01-07T12:00:37+00:00\",\"description\":\"Sum\u00e9rgete en la tradici\u00f3n con los Polvorones de Almendra Delicatessen, un dulce tradicional con almendra Marcona, canela y lim\u00f3n. Perfectos para cualquier momento.\",\"breadcrumb\":{\"@id\":\"https:\\\/\\\/pablogarrigos.com\\\/pasteleria\\\/pasteleria-delicatessen\\\/polvorones-de-almendra-delicatessen-200-g\\\/#breadcrumb\"},\"inLanguage\":\"it-IT\",\"potentialAction\":[{\"@type\":\"ReadAction\",\"target\":[\"https:\\\/\\\/pablogarrigos.com\\\/pasteleria\\\/pasteleria-delicatessen\\\/polvorones-de-almendra-delicatessen-200-g\\\/\"]}]},{\"@type\":\"ImageObject\",\"inLanguage\":\"it-IT\",\"@id\":\"https:\\\/\\\/pablogarrigos.com\\\/pasteleria\\\/pasteleria-delicatessen\\\/polvorones-de-almendra-delicatessen-200-g\\\/#primaryimage\",\"url\":\"https:\\\/\\\/pablogarrigos.com\\\/wp-content\\\/uploads\\\/2024\\\/02\\\/polvorones-de-almendra-delicatessen-200-g.jpg\",\"contentUrl\":\"https:\\\/\\\/pablogarrigos.com\\\/wp-content\\\/uploads\\\/2024\\\/02\\\/polvorones-de-almendra-delicatessen-200-g.jpg\",\"width\":600,\"height\":600},{\"@type\":\"BreadcrumbList\",\"@id\":\"https:\\\/\\\/pablogarrigos.com\\\/pasteleria\\\/pasteleria-delicatessen\\\/polvorones-de-almendra-delicatessen-200-g\\\/#breadcrumb\",\"itemListElement\":[{\"@type\":\"ListItem\",\"position\":1,\"name\":\"Home\",\"item\":\"https:\\\/\\\/pablogarrigos.com\\\/en\\\/\"},{\"@type\":\"ListItem\",\"position\":2,\"name\":\"Tienda\",\"item\":\"https:\\\/\\\/pablogarrigos.com\\\/en\\\/tienda\\\/\"},{\"@type\":\"ListItem\",\"position\":3,\"name\":\"Polvorones de Almendra Delicatessen 200g\"}]},{\"@type\":\"WebSite\",\"@id\":\"https:\\\/\\\/pablogarrigos.com\\\/#website\",\"url\":\"https:\\\/\\\/pablogarrigos.com\\\/\",\"name\":\"Pablo Garrig\u00f3s Iba\u00f1ez\",\"description\":\"El Sentido del Gusto\",\"publisher\":{\"@id\":\"https:\\\/\\\/pablogarrigos.com\\\/#organization\"},\"potentialAction\":[{\"@type\":\"SearchAction\",\"target\":{\"@type\":\"EntryPoint\",\"urlTemplate\":\"https:\\\/\\\/pablogarrigos.com\\\/?s={search_term_string}\"},\"query-input\":{\"@type\":\"PropertyValueSpecification\",\"valueRequired\":true,\"valueName\":\"search_term_string\"}}],\"inLanguage\":\"it-IT\"},{\"@type\":\"Organization\",\"@id\":\"https:\\\/\\\/pablogarrigos.com\\\/#organization\",\"name\":\"Pablo Garrig\u00f3s Iba\u00f1ez\",\"url\":\"https:\\\/\\\/pablogarrigos.com\\\/\",\"logo\":{\"@type\":\"ImageObject\",\"inLanguage\":\"it-IT\",\"@id\":\"https:\\\/\\\/pablogarrigos.com\\\/#\\\/schema\\\/logo\\\/image\\\/\",\"url\":\"https:\\\/\\\/pablogarrigos.com\\\/wp-content\\\/uploads\\\/2024\\\/02\\\/logo-pablogarrigos.png\",\"contentUrl\":\"https:\\\/\\\/pablogarrigos.com\\\/wp-content\\\/uploads\\\/2024\\\/02\\\/logo-pablogarrigos.png\",\"width\":1247,\"height\":480,\"caption\":\"Pablo Garrig\u00f3s Iba\u00f1ez\"},\"image\":{\"@id\":\"https:\\\/\\\/pablogarrigos.com\\\/#\\\/schema\\\/logo\\\/image\\\/\"}}]}<\/script>\n<!-- \/ Yoast SEO plugin. -->","yoast_head_json":{"title":"Polvorones de Almendra Delicatessen | Pablo Garrig\u00f3s Ib\u00e1\u00f1ez","description":"Immergetevi nella tradizione con i Polvorones de Almendra Delicatessen, un dolce tradizionale con mandorle Marcona, cannella e limone. Perfetto per ogni momento.","robots":{"index":"index","follow":"follow","max-snippet":"max-snippet:-1","max-image-preview":"max-image-preview:large","max-video-preview":"max-video-preview:-1"},"canonical":"https:\/\/pablogarrigos.com\/it\/pasteleria\/pasteleria-delicatessen\/polvorones-de-almendra-delicatessen-200-g\/","og_locale":"it_IT","og_type":"article","og_title":"Polvorones de Almendra Delicatessen | Pablo Garrig\u00f3s Ib\u00e1\u00f1ez","og_description":"Sum\u00e9rgete en la tradici\u00f3n con los Polvorones de Almendra Delicatessen, un dulce tradicional con almendra Marcona, canela y lim\u00f3n. Perfectos para cualquier momento.","og_url":"https:\/\/pablogarrigos.com\/it\/pasteleria\/pasteleria-delicatessen\/polvorones-de-almendra-delicatessen-200-g\/","og_site_name":"Pablo Garrig\u00f3s Iba\u00f1ez","article_modified_time":"2026-01-07T12:00:37+00:00","og_image":[{"width":600,"height":600,"url":"https:\/\/pablogarrigos.com\/wp-content\/uploads\/2024\/02\/polvorones-de-almendra-delicatessen-200-g.jpg","type":"image\/jpeg"}],"twitter_card":"summary_large_image","twitter_misc":{"Tempo di lettura stimato":"1 minuto"},"schema":{"@context":"https:\/\/schema.org","@graph":[{"@type":"WebPage","@id":"https:\/\/pablogarrigos.com\/pasteleria\/pasteleria-delicatessen\/polvorones-de-almendra-delicatessen-200-g\/","url":"https:\/\/pablogarrigos.com\/pasteleria\/pasteleria-delicatessen\/polvorones-de-almendra-delicatessen-200-g\/","name":"Polvorones de Almendra Delicatessen | Pablo Garrig\u00f3s Ib\u00e1\u00f1ez","isPartOf":{"@id":"https:\/\/pablogarrigos.com\/#website"},"primaryImageOfPage":{"@id":"https:\/\/pablogarrigos.com\/pasteleria\/pasteleria-delicatessen\/polvorones-de-almendra-delicatessen-200-g\/#primaryimage"},"image":{"@id":"https:\/\/pablogarrigos.com\/pasteleria\/pasteleria-delicatessen\/polvorones-de-almendra-delicatessen-200-g\/#primaryimage"},"thumbnailUrl":"https:\/\/pablogarrigos.com\/wp-content\/uploads\/2024\/02\/polvorones-de-almendra-delicatessen-200-g.jpg","datePublished":"2024-02-20T18:03:57+00:00","dateModified":"2026-01-07T12:00:37+00:00","description":"Immergetevi nella tradizione con i Polvorones de Almendra Delicatessen, un dolce tradizionale con mandorle Marcona, cannella e limone. Perfetto per ogni momento.","breadcrumb":{"@id":"https:\/\/pablogarrigos.com\/pasteleria\/pasteleria-delicatessen\/polvorones-de-almendra-delicatessen-200-g\/#breadcrumb"},"inLanguage":"it-IT","potentialAction":[{"@type":"ReadAction","target":["https:\/\/pablogarrigos.com\/pasteleria\/pasteleria-delicatessen\/polvorones-de-almendra-delicatessen-200-g\/"]}]},{"@type":"ImageObject","inLanguage":"it-IT","@id":"https:\/\/pablogarrigos.com\/pasteleria\/pasteleria-delicatessen\/polvorones-de-almendra-delicatessen-200-g\/#primaryimage","url":"https:\/\/pablogarrigos.com\/wp-content\/uploads\/2024\/02\/polvorones-de-almendra-delicatessen-200-g.jpg","contentUrl":"https:\/\/pablogarrigos.com\/wp-content\/uploads\/2024\/02\/polvorones-de-almendra-delicatessen-200-g.jpg","width":600,"height":600},{"@type":"BreadcrumbList","@id":"https:\/\/pablogarrigos.com\/pasteleria\/pasteleria-delicatessen\/polvorones-de-almendra-delicatessen-200-g\/#breadcrumb","itemListElement":[{"@type":"ListItem","position":1,"name":"Home","item":"https:\/\/pablogarrigos.com\/en\/"},{"@type":"ListItem","position":2,"name":"Tienda","item":"https:\/\/pablogarrigos.com\/en\/tienda\/"},{"@type":"ListItem","position":3,"name":"Polvorones de Almendra Delicatessen 200g"}]},{"@type":"WebSite","@id":"https:\/\/pablogarrigos.com\/#website","url":"https:\/\/pablogarrigos.com\/","name":"Pablo Garrig\u00f3s Iba\u00f1ez","description":"Il senso del gusto","publisher":{"@id":"https:\/\/pablogarrigos.com\/#organization"},"potentialAction":[{"@type":"SearchAction","target":{"@type":"EntryPoint","urlTemplate":"https:\/\/pablogarrigos.com\/?s={search_term_string}"},"query-input":{"@type":"PropertyValueSpecification","valueRequired":true,"valueName":"search_term_string"}}],"inLanguage":"it-IT"},{"@type":"Organization","@id":"https:\/\/pablogarrigos.com\/#organization","name":"Pablo Garrig\u00f3s Iba\u00f1ez","url":"https:\/\/pablogarrigos.com\/","logo":{"@type":"ImageObject","inLanguage":"it-IT","@id":"https:\/\/pablogarrigos.com\/#\/schema\/logo\/image\/","url":"https:\/\/pablogarrigos.com\/wp-content\/uploads\/2024\/02\/logo-pablogarrigos.png","contentUrl":"https:\/\/pablogarrigos.com\/wp-content\/uploads\/2024\/02\/logo-pablogarrigos.png","width":1247,"height":480,"caption":"Pablo Garrig\u00f3s Iba\u00f1ez"},"image":{"@id":"https:\/\/pablogarrigos.com\/#\/schema\/logo\/image\/"}}]}},"_links":{"self":[{"href":"https:\/\/pablogarrigos.com\/it\/wp-json\/wp\/v2\/product\/400","targetHints":{"allow":["GET"]}}],"collection":[{"href":"https:\/\/pablogarrigos.com\/it\/wp-json\/wp\/v2\/product"}],"about":[{"href":"https:\/\/pablogarrigos.com\/it\/wp-json\/wp\/v2\/types\/product"}],"wp:featuredmedia":[{"embeddable":true,"href":"https:\/\/pablogarrigos.com\/it\/wp-json\/wp\/v2\/media\/401"}],"wp:attachment":[{"href":"https:\/\/pablogarrigos.com\/it\/wp-json\/wp\/v2\/media?parent=400"}],"wp:term":[{"taxonomy":"product_brand","embeddable":true,"href":"https:\/\/pablogarrigos.com\/it\/wp-json\/wp\/v2\/product_brand?post=400"},{"taxonomy":"product_cat","embeddable":true,"href":"https:\/\/pablogarrigos.com\/it\/wp-json\/wp\/v2\/product_cat?post=400"},{"taxonomy":"product_tag","embeddable":true,"href":"https:\/\/pablogarrigos.com\/it\/wp-json\/wp\/v2\/product_tag?post=400"}],"curies":[{"name":"wp","href":"https:\/\/api.w.org\/{rel}","templated":true}]}}

<p><strong>Mandorla</strong> Marcona selezionata e tostata 38%, farina di <strong>grano</strong>zucchero, strutto, cannella e scorza di limone. <strong>Contiene cereali contenenti glutine. Può contenere tracce di uova, soia e latte.</strong></p>
<p><strong>Conservar en un lugar fresco y seco. 18º-22ºC.</strong></p>

<!-- This site is optimized with the Yoast SEO plugin v27.4 - https://yoast.com/product/yoast-seo-wordpress/ -->
<title>Polvorones de Almendra Delicatessen | Pablo Garrigós Ibáñez</title>
<meta name="description" content="Sumérgete en la tradición con los Polvorones de Almendra Delicatessen, un dulce tradicional con almendra Marcona, canela y limón. Perfectos para cualquier momento." />
<meta name="robots" content="index, follow, max-snippet:-1, max-image-preview:large, max-video-preview:-1" />
<link rel="canonical" href="https://pablogarrigos.com/it/pasteleria/pasteleria-delicatessen/polvorones-de-almendra-delicatessen-200-g/" />
<meta property="og:locale" content="it_IT" />
<meta property="og:type" content="article" />
<meta property="og:title" content="Polvorones de Almendra Delicatessen | Pablo Garrigós Ibáñez" />
<meta property="og:description" content="Sumérgete en la tradición con los Polvorones de Almendra Delicatessen, un dulce tradicional con almendra Marcona, canela y limón. Perfectos para cualquier momento." />
<meta property="og:url" content="https://pablogarrigos.com/it/pasteleria/pasteleria-delicatessen/polvorones-de-almendra-delicatessen-200-g/" />
<meta property="og:site_name" content="Pablo Garrigós Ibañez" />
<meta property="article:modified_time" content="2026-01-07T12:00:37+00:00" />
<meta property="og:image" content="https://pablogarrigos.com/wp-content/uploads/2024/02/polvorones-de-almendra-delicatessen-200-g.jpg" />
	<meta property="og:image:width" content="600" />
	<meta property="og:image:height" content="600" />
	<meta property="og:image:type" content="image/jpeg" />
<meta name="twitter:card" content="summary_large_image" />
<meta name="twitter:label1" content="Tempo di lettura stimato" />
	<meta name="twitter:data1" content="1 minuto" />
<script type="application/ld+json" class="yoast-schema-graph">{"@context":"https:\/\/schema.org","@graph":[{"@type":"WebPage","@id":"https:\/\/pablogarrigos.com\/pasteleria\/pasteleria-delicatessen\/polvorones-de-almendra-delicatessen-200-g\/","url":"https:\/\/pablogarrigos.com\/pasteleria\/pasteleria-delicatessen\/polvorones-de-almendra-delicatessen-200-g\/","name":"Polvorones de Almendra Delicatessen | Pablo Garrigós Ibáñez","isPartOf":{"@id":"https:\/\/pablogarrigos.com\/#website"},"primaryImageOfPage":{"@id":"https:\/\/pablogarrigos.com\/pasteleria\/pasteleria-delicatessen\/polvorones-de-almendra-delicatessen-200-g\/#primaryimage"},"image":{"@id":"https:\/\/pablogarrigos.com\/pasteleria\/pasteleria-delicatessen\/polvorones-de-almendra-delicatessen-200-g\/#primaryimage"},"thumbnailUrl":"https:\/\/pablogarrigos.com\/wp-content\/uploads\/2024\/02\/polvorones-de-almendra-delicatessen-200-g.jpg","datePublished":"2024-02-20T18:03:57+00:00","dateModified":"2026-01-07T12:00:37+00:00","description":"Sumérgete en la tradición con los Polvorones de Almendra Delicatessen, un dulce tradicional con almendra Marcona, canela y limón. Perfectos para cualquier momento.","breadcrumb":{"@id":"https:\/\/pablogarrigos.com\/pasteleria\/pasteleria-delicatessen\/polvorones-de-almendra-delicatessen-200-g\/#breadcrumb"},"inLanguage":"it-IT","potentialAction":[{"@type":"ReadAction","target":["https:\/\/pablogarrigos.com\/pasteleria\/pasteleria-delicatessen\/polvorones-de-almendra-delicatessen-200-g\/"]}]},{"@type":"ImageObject","inLanguage":"it-IT","@id":"https:\/\/pablogarrigos.com\/pasteleria\/pasteleria-delicatessen\/polvorones-de-almendra-delicatessen-200-g\/#primaryimage","url":"https:\/\/pablogarrigos.com\/wp-content\/uploads\/2024\/02\/polvorones-de-almendra-delicatessen-200-g.jpg","contentUrl":"https:\/\/pablogarrigos.com\/wp-content\/uploads\/2024\/02\/polvorones-de-almendra-delicatessen-200-g.jpg","width":600,"height":600},{"@type":"BreadcrumbList","@id":"https:\/\/pablogarrigos.com\/pasteleria\/pasteleria-delicatessen\/polvorones-de-almendra-delicatessen-200-g\/#breadcrumb","itemListElement":[{"@type":"ListItem","position":1,"name":"Home","item":"https:\/\/pablogarrigos.com\/en\/"},{"@type":"ListItem","position":2,"name":"Tienda","item":"https:\/\/pablogarrigos.com\/en\/tienda\/"},{"@type":"ListItem","position":3,"name":"Polvorones de Almendra Delicatessen 200g"}]},{"@type":"WebSite","@id":"https:\/\/pablogarrigos.com\/#website","url":"https:\/\/pablogarrigos.com\/","name":"Pablo Garrigós Ibañez","description":"El Sentido del Gusto","publisher":{"@id":"https:\/\/pablogarrigos.com\/#organization"},"potentialAction":[{"@type":"SearchAction","target":{"@type":"EntryPoint","urlTemplate":"https:\/\/pablogarrigos.com\/?s={search_term_string}"},"query-input":{"@type":"PropertyValueSpecification","valueRequired":true,"valueName":"search_term_string"}}],"inLanguage":"it-IT"},{"@type":"Organization","@id":"https:\/\/pablogarrigos.com\/#organization","name":"Pablo Garrigós Ibañez","url":"https:\/\/pablogarrigos.com\/","logo":{"@type":"ImageObject","inLanguage":"it-IT","@id":"https:\/\/pablogarrigos.com\/#\/schema\/logo\/image\/","url":"https:\/\/pablogarrigos.com\/wp-content\/uploads\/2024\/02\/logo-pablogarrigos.png","contentUrl":"https:\/\/pablogarrigos.com\/wp-content\/uploads\/2024\/02\/logo-pablogarrigos.png","width":1247,"height":480,"caption":"Pablo Garrigós Ibañez"},"image":{"@id":"https:\/\/pablogarrigos.com\/#\/schema\/logo\/image\/"}}]}</script>
<!-- / Yoast SEO plugin. -->

Polvorones de Almendra Delicatessen | Pablo Garrigós Ibáñez

Sumérgete en la tradición con los Polvorones de Almendra Delicatessen, un dulce tradicional con almendra Marcona, canela y limón. Perfectos para cualquier momento.

Pablo Garrigós Ibañez
